uppose 2*q = -3*q + 430. Calculate the remainder when q is divided by 30.
26
Suppose -4*k + 18 = -5*g, 5*k - 3*g - 6 = -5*g. Suppose -3*b + 7*b = 20. Suppose b*t + 3 - 8 = 0. What is the remainder when k is divided by t?
0
Let q = -2 - -22. Calculate the remainder when q is divided by 8.
4
Suppose 0*i - 3*i + 47 = 4*z, 0 = 5*z + 4*i - 58. Suppose 2*s - 40 = -g, g + 0*s = -3*s + 40. Calculate the remainder when g is divided by z.
12
Let s(m) = 2*m**2 - 9*m - 11. Calculate the remainder when s(9) is divided by 36.
34
Let y be (8*-1 - -1) + -3. Let v = y + 14. Suppose -5*o = -o - 4*c - 20, -v*o = -c - 17. What is the remainder when o is divided by 3?
1
Suppose 3*x + 4 = -0*h + h, 0 = 5*h + 2*x - 88. Suppose 0*n + 2*n = 60. Calculate the remainder when n is divided by h.
14
Let j = -4 + -3. Let n(m) = m**3 + 6*m**2 - 9*m - 10. What is the remainder when (-375)/(-35) + (-2)/(-7) is divided by n(j)?
3
Let q = 10 - 4. Let h(n) = -n**3 + 6*n**2 - n + 2. Let y be h(5). What is the remainder when ((-9)/6)/(-3)*y is divided by q?
5
Let i(w) be the second derivative of -19*w**3/6 + w**2/2 - 3*w. What is the remainder when i(-1) is divided by 11?
9
Let h be (-3)/(-12) + 382/8. Suppose -4*c + 0*c + h = 0. What is the remainder when c is divided by 7?
5
Suppose 2*s - 8*s + 42 = 0. Calculate the remainder when 13 is divided by s.
6
Calculate the remainder when (-12)/60 + (-512)/(-10) is divided by 13.
12
Let g(m) = m**2 - 9*m + 13. Calculate the remainder when g(12) is divided by 17.
15
Let w be -3 - (-2 - (-2 - 0)). Suppose 5*y - 7*s = -2*s + 70, 0 = -y + 5*s + 22. Let x = y + w. What is the remainder when 16 is divided by x?
7
Suppose 4*k = 20, 0 = -4*m + 2*k - 4*k + 58. Let s = 7 + m. What is the remainder when s is divided by 10?
9
Suppose -36 = -3*i - i. Calculate the remainder when 15 is divided by i.
6
What is the remainder when (2 - (-35)/(-14)) + (-67)/(-2) is divided by 19?
14
Suppose 5*x = 9*x - 52. What is the remainder when 50 is divided by x?
11
Suppose 29 = -3*f + 5*u, -7*f - 27 = -2*f - 3*u. Calculate the remainder when 18 + 2 - 4/(-2) is divided by -2 + 3*(-14)/f.
10
Let o(r) = -7*r - 30. Calculate the remainder when 71 is divided by o(-8).
19
Suppose -c = y + 5, 2*c + 3*y = -3*c - 17. Calculate the remainder when 10 is divided by (c - (-24)/2) + -3.
2
Suppose b - 13 = m, b = -5*m + 4*m + 19. Calculate the remainder when 79 is divided by b.
15
Let s = 31 + -16. Let a = 1 + 1. Suppose 4*f - a*f = 56. What is the remainder when f is divided by s?
13
Suppose 0 = -4*j + 2*v - 28, 2*j - 4*v + 2 = -0*v. Calculate the remainder when 22 is divided by 4/(-3)*j/2.
4
Let m be 0/(1*-4) - -2. Suppose -5*g = -b + 18, 22 = 2*b + m*b + 5*g. Calculate the remainder when 3*1*22/3 is divided by b.
6
Suppose -5*w = 17*w - 462. What is the remainder when 228 is divided by w?
18
Let w(i) = -5*i + 1. Let s be w(-1). Suppose 4*u = -5*x + 59, 4*x + 4 + s = 2*u. What is the remainder when 31 is divided by u?
9
Let o = 42 + -5. Let g = o - 17. Calculate the remainder when g is divided by 7.
6
Let n = 109 - 53. Let u be (5 - 8)*1/(-3). What is the remainder when n is divided by (u - 3)/((-4)/38)?
18
Suppose 3*h + 11 = 4*s - 8, 3*h = 9. Calculate the remainder when 19 is divided by s.
5
What is the remainder when 17 is divided by (-2)/12 - 220/(-24)?
8
Let w(d) = -d**2 - d + 3. Let n be w(-4). Let z be -1*(19 + 6/(-3)). Let u = n - z. What is the remainder when 15 is divided by u?
7
Suppose q + 2*r = -3*r - 3, -3*r + 39 = 4*q. What is the remainder when 20 is divided by q?
8
Let d = 187 + -269. Let s(z) = -6*z - 11. Let x be s(5). Let o = x - d. What is the remainder when o is divided by 14?
13
Suppose -28 = -7*x + 3*x. What is the remainder when x is divided by (4/(-6))/((-4)/18)?
1
Suppose -r + 53 = -o + 3*o, -r = -5*o + 115. Calculate the remainder when o*((-100)/16)/(-5) is divided by 8.
6
Suppose -z - 4 = -2. Calculate the remainder when 69 is divided by z/2 + 4 - -21.
21
Let d(x) = 2*x**2 - 8*x - 4. Suppose -5*u + 65 = -0*u. Suppose -u = -2*f - 1. What is the remainder when d(f) is divided by 7?
6
Suppose 0 = 3*d - 204 + 516. Let b = -70 - d. What is the remainder when b is divided by 18?
16
Let m be -2*(0 + 93/6). Let f = m + 44. Suppose 5*n - f = 2, i - 5*n + 5 = 0. What is the remainder when 17 is divided by i?
7
Let j(p) = 11*p - 5. Let s be j(4). Suppose -s = -5*u + 26. What is the remainder when 37 is divided by u?
11
Suppose -163*r + 62 = -161*r. Let n = 393 - 272. What is the remainder when n is divided by r?
28
Suppose -q + 96 = 2*q. Let n = 47 - q. Let w = -51 - -80. Calculate the remainder when w is divided by n.
14
Suppose 0 = 5*i - 3*a - 38, 4*a + 23 = 4*i - 9. Let j(s) = s**3 + 4*s**2 + 3*s + 1. What is the remainder when i is divided by j(-2)?
1
Suppose 42 = 5*r - 58. Let i = -41 - -52. Calculate the remainder when r is divided by i.
9
Let i = 0 - -4. Suppose -2*a - 16 = -5*u - i, 2*u = 2*a. Suppose 20 = -4*p, 30 = m + u*m - 5*p. What is the remainder when m is divided by 1?
0
Let h(y) = -y**3 - 8*y**2 + 2. What is the remainder when 6 is divided by h(-8)?
0
Let u = 10 + -15. Calculate the remainder when 41 is divided by 102/5 - 3/u.
20
Let b = -148 - -170. What is the remainder when b is divided by 6?
4
Let w = 8 + -5. Suppose 5*s = s. Suppose s = 4*f + f - 40. What is the remainder when f is divided by w?
2
Let f be -2 - (-37 + 3)*1. Suppose -3*j - 4*g = -g - 96, -j = 4*g - f. Calculate the remainder when j is divided by 1*51*1/3.
15
Suppose -y + 2 = -6. Calculate the remainder when y is divided by 7.
1
Let u = -18 + 37. Calculate the remainder when 55 is divided by u.
17
Let z(o) = o**2 + o - 3. What is the remainder when 74 is divided by z(-7)?
35
Let b(k) = k + 2. Let s(i) = i**3 - 5*i**2 + 3*i + 4. Let m be s(4). Suppose m*y + 21 = 3*y. What is the remainder when y is divided by b(3)?
2
Let z(g) = 20*g**2 + g + 1. What is the remainder when z(-1) is divided by 7?
6
Suppose 4*b + 4*g - 40 = 0, 3*b - 10 = -g + 3*g. Calculate the remainder when 28 is divided by b.
4
What is the remainder when 32*(-3)/(-6)*4 is divided by 35?
29
Suppose 3*x - 3*v = 0, 2*x - 5*v + 4 = -11. What is the remainder when 33 is divided by x?
3
Let c(z) = -18*z - 4. Suppose 0 = b - 67 - 27. What is the remainder when b is divided by c(-2)?
30
Let i(h) be the first derivative of h**5/60 - h**3/3 + h**2/2 + 2. Let r(b) be the second derivative of i(b). What is the remainder when r(-5) is divided by 12?
11
Let l(r) = r**3 + 6. Calculate the remainder when 9*(-11)/(-165) - 204/(-10) is divided by l(0).
3
Let g(b) = -1196*b - 253. Let z(o) = -19*o - 4. Let y(r) = 4*g(r) - 253*z(r). What is the remainder when y(2) is divided by 12?
10
What is the remainder when -354*((-2)/(-10))/(57/(-95)) is divided by 24?
22
Let k(i) = -i**3 + 11*i**2 - 9*i - 6. Suppose -5*h + 76 = 26. Calculate the remainder when 7 is divided by k(h).
3
Let i(t) = 2*t + 30. What is the remainder when 57 is divided by i(-9)?
9
Suppose -6*j = -11*j + 15. Calculate the remainder when j is divided by 2.
1
Suppose -v = -0*v. Suppose -b - 2*b + 15 = v. Let u(d) = d**2 + d - 4. What is the remainder when u(3) is divided by b?
3
Let r(t) = -5*t - 2. Let i(u) = -5*u - 2. Suppose -h - 3 + 7 = 0. Let l(f) = h*i(f) - 3*r(f). What is the remainder when 36 is divided by l(-3)?
10
Let x(l) = 2*l**2 + 1. Let j(q) = q**3 + 6*q**2 + 6*q + 3. Let r be j(-5). What is the remainder when 24 is divided by x(r)?
6
What is the remainder when 19 is divided by (-12)/3 + 14*1?
9
Let h = -69 - -130. Let b = 36 - 15. Calculate the remainder when h is divided by b.
19
Let f = 65 + -52. What is the remainder when 35 is divided by f?
9
What is the remainder when 4 is divided by (-2)/(2*(-1)/4)?
0
Let x be (-15 + 4)/(0 + -1). What is the remainder when x - -1 - (4 - 5) is divided by 5?
3
Let o = 10 - 4. Suppose q - o*q = -20. What is the remainder when (9/6)/((-6)/(-40)) is divided by q?
2
Suppose -2*q + 9*n = 4*n - 21, q + 3*n - 5 = 0. Let o = 43 + -12. Calculate the remainder when o is divided by q.
7
Let a be (9/6 + 0)*2. Suppose -a*c - 22 = -y, 4*y - c + 2*c = 153. Suppose -5*k = 25, -2*l + 3*k + 8 = -27. What is the remainder when y is divided by l?
7
What is the remainder when 2 - 14/8 - 944/(-64) is divided by (-2)/5 + (-66)/(-15)